mon factor of 276055 and 93?
31
Calculate the highest common factor of 30779 and 511.
7
What is the greatest common divisor of 10832750 and 125?
125
What is the greatest common divisor of 4973465 and 35?
35
Calculate the greatest common factor of 536 and 1541.
67
What is the greatest common factor of 66742 and 1326?
442
What is the greatest common factor of 7238 and 1722?
14
What is the highest common factor of 127602 and 4587?
417
What is the highest common divisor of 148 and 24988?
4
What is the highest common factor of 4225 and 3175?
25
Calculate the highest common divisor of 1441 and 979.
11
Calculate the highest common factor of 2441229 and 49.
49
Calculate the highest common divisor of 248 and 198524.
124
Calculate the greatest common factor of 7502 and 30976.
242
Calculate the greatest common divisor of 27443 and 338.
13
What is the greatest common factor of 15 and 184245?
15
What is the greatest common divisor of 4 and 68732?
4
Calculate the highest common divisor of 1390082 and 347.
347
What is the highest common divisor of 436 and 2398436?
436
Calculate the highest common divisor of 225 and 300225.
75
What is the greatest common factor of 29458 and 1716?
286
Calculate the greatest common factor of 46 and 209346.
46
What is the highest common factor of 7 and 925099?
7
Calculate the highest common factor of 2466 and 7065.
9
Calculate the greatest common factor of 27 and 1008.
9
Calculate the highest common divisor of 3981807 and 3898.
1949
What is the greatest common factor of 4528 and 105559?
283
Calculate the highest common divisor of 91 and 10003.
7
What is the highest common divisor of 32 and 53?
1
Calculate the greatest common divisor of 2 and 21008.
2
What is the highest common divisor of 534288 and 48?
48
Calculate the highest common divisor of 27880 and 12920.
680
What is the greatest common divisor of 11731 and 4?
1
Calculate the greatest common factor of 86540 and 40.
20
What is the highest common factor of 27 and 114102?
27
What is the highest common divisor of 25473 and 42?
21
What is the highest common divisor of 34755 and 819?
21
Calculate the greatest common divisor of 1880 and 2140.
20
What is the greatest common divisor of 2814 and 289038?
402
Calculate the highest common factor of 5734 and 168448.
94
What is the highest common factor of 143 and 9562124?
143
What is the highest common factor of 133301 and 1507?
137
What is the greatest common factor of 1228 and 194638?
614
Calculate the highest common divisor of 4203 and 4104.
9
What is the greatest common divisor of 5026 and 46214?
14
Calculate the greatest common divisor of 16 and 1223888.
16
Calculate the greatest common divisor of 17 and 26571.
17
Calculate the greatest common factor of 322675 and 25.
25
Calculate the highest common divisor of 6363 and 5355.
63
Calculate the highest common divisor of 66458 and 1414.
1414
Calculate the greatest common divisor of 384 and 215616.
192
Calculate the greatest common factor of 120875 and 6.
1
Calculate the greatest common factor of 2855619 and 117.
117
What is the highest common factor of 1144 and 231440?
88
Calculate the highest common divisor of 45 and 515340.
45
What is the highest common divisor of 5010 and 904806?
1002
Calculate the highest common divisor of 17755 and 1855.
265
Calculate the greatest common divisor of 2844 and 5886.
18
What is the highest common divisor of 979 and 1139556?
979
Calculate the greatest common divisor of 14187 and 150.
3
What is the highest common divisor of 206074 and 11?
11
What is the highest common factor of 840 and 144921?
21
What is the greatest common divisor of 504 and 23436?
252
What is the highest common divisor of 792 and 1224?
72
Calculate the highest common divisor of 18 and 173990.
2
Calculate the greatest common factor of 5135526 and 407.
407
Calculate the highest common divisor of 79 and 102621.
79
Calculate the greatest common divisor of 1479 and 182613.
87
What is the greatest common divisor of 2400 and 1161300?
300
Calculate the highest common divisor of 61152 and 6888.
168
What is the greatest common factor of 11948 and 290?
58
What is the greatest common divisor of 3687789 and 196?
49
What is the greatest common divisor of 108 and 196?
4
Calculate the highest common divisor of 1071 and 4473.
63
What is the highest common divisor of 65314 and 442?
34
What is the highest common factor of 20270 and 110?
10
Calculate the greatest common factor of 105 and 155645.
35
Calculate the greatest common factor of 148722 and 462.
42
Calculate the greatest common divisor of 304591 and 2597.
371
What is the greatest common factor of 187395 and 124?
31
Calculate the highest common factor of 1203961 and 55.
11
Calculate the highest common factor of 412071 and 33.
33
Calculate the greatest common factor of 37387 and 109.
109
What is the highest common divisor of 41636 and 7?
7
What is the highest common divisor of 2981426 and 238?
238
What is the highest common divisor of 5747 and 35?
7
What is the highest common divisor of 4014 and 1?
1
Calculate the greatest common factor of 78 and 576.
6
Calculate the highest common factor of 1320 and 10835.
55
What is the highest common factor of 20 and 436120?
20
Calculate the greatest common divisor of 12048 and 624.
48
Calculate the highest common divisor of 152 and 418.
38
What is the greatest common factor of 1928 and 1849916?
964
What is the greatest common factor of 12397 and 759?
253
Calculate the greatest common divisor of 27 and 32823.
9
Calculate the highest common divisor of 112 and 323344.
112
What is the highest common divisor of 2245 and 60?
5
Calculate the greatest common divisor of 25068 and 246.
6
What is the greatest common factor of 2360 and 28040?
40
What is the greatest common divisor of 65137 and 53?
53
Calculate the greatest common factor of 1334 and 1512089.
667
What is the greatest common factor of 59950 and 6490?
110
Calculate the greatest common divisor of 1675254 and 147.
21
What is the greatest common factor of 499845 and 15?
15
What is the greatest common factor of 1087 and 4844759?
1087
Calculate the greatest common divisor of 20 and 1899550.
10
Calculate the highest common divisor of 72666 and 418.
22
Calculate the highest common factor of 54016 and 64.
64
Calculate the highest common factor of 102 and 2256.
6
What is the greatest common divisor of 226 and 42262?
226
Calculate the highest common divisor of 127976 and 136.
136
Calculate the highest common factor of 35380 and 161650.
610
Calculate the greatest common factor of 129 and 107629.
43
What is the greatest common divisor of 114 and 80598?
114
Calculate the greatest common divisor of 486 and 4194.
18
What is the highest common factor of 122000 and 10?
10
What is the greatest common divisor of 3542758 and 1636?
818
What is the highest common divisor of 52416 and 3934?
14
What is the greatest common divisor of 1632500 and 5000?
2500
What is the greatest common factor of 23712 and 64032?
96
What is the greatest common factor of 75 and 1920?
15
Calculate the highest common divisor of 4 and 4324.
4
Calculate the highest common divisor of 314 and 6062712.
314
What is the greatest common factor of 537 and 1316724?
537
Calculate the highest common divisor of 4635 and 12669.
309
Calculate the highest common divisor of 212519 and 223.
223
Calculate the greatest common divisor of 59741 and 66.
11
What is the highest common factor of 413 and 30037?
7
Calculate the highest common divisor of 905760 and 17612.
2516
Calculate the highest common divisor of 7784 and 11214.
14
Calculate the greatest common factor of 6000 and 1140.
60
What is the highest common divisor of 122733 and 234?
117
What is the highest common factor of 1341 and 554578?
149
Calculate the greatest common divisor of 27 and 62.
1
Calculate the greatest common divisor of 5743520 and 20.
20
What is the highest common factor of 2246958 and 2754?
306
What is the greatest common factor of 19402 and 110182?
178
Calculate the highest common divisor of 463 and 143993.
463
What is the highest common factor of 93 and 83173?
31
Calculate the highest common factor of 3222 and 36.
18
What is the greatest common divisor of 466 and 302201?
233
What is the highest common factor of 629993 and 3822?
637
Calculate the hi